lculate the remainder when ((-2)/(-3))/(2/(-2061)*-3) is divided by 117.
112
Let a be ((-264)/11)/(-1 + -1). Suppose -2*r + 0*r = -a. What is the remainder when -6*(1 + (-14)/4) is divided by r?
3
Let u(r) = -37*r - 1. Suppose 13*v - 10*v = 39. What is the remainder when u(-1) is divided by v?
10
Suppose -5*m = 4*f - f - 298, -3*m + 190 = -f. Suppose -3*r - 5*k + 53 = 0, -4*k = -4*r - k + 61. What is the remainder when m is divided by r?
14
Let m = 346 - 151. Suppose 5*l = 18*l - m. What is the remainder when l is divided by 6?
3
Let l = 14 + -11. Suppose -3*f + 2 + 1 = 0. Calculate the remainder when l is divided by f.
0
Let k(q) = -q**3 - 4*q**2 - 9*q - 12. Suppose 13*i + 120 = 18*i. What is the remainder when k(-5) is divided by i?
10
Let l be (-9)/(-3)*40/15. Let v = l - 2. Suppose c = v*c - 95. Calculate the remainder when c is divided by 11.
8
Suppose -399 = -24*i + 1113. Calculate the remainder when i is divided by 32.
31
Let o = -28 + 21. Let x(j) = j**3 + 8*j**2 + 6*j + 2. Let s(u) = 5*u - 2. What is the remainder when s(7) is divided by x(o)?
6
Let i(o) = 2*o**3 - 13*o**2 + o + 4. Let l = 19 + -12. What is the remainder when i(l) is divided by 32?
28
Suppose -2*p - 20 = -4*z + 10, -5*z + 5*p = -35. Suppose 4*w - 3 - 5 = 0. Calculate the remainder when 11 is divided by (7/w)/(4/z).
4
Let t = 2413 + -2402. Suppose 2*a - 3*j = 27, 3*j - 2*j - 33 = -4*a. What is the remainder when (-382)/(-18) + (-2)/a is divided by t?
10
Let g = 216 - 102. Let u = g - 63. What is the remainder when u is divided by 11?
7
Suppose 0 = 19*y - 2*y - 18071. Calculate the remainder when y is divided by 71.
69
Suppose -34 = -3*v - 2*o - 20, 0 = 9*v - 2*o - 34. Calculate the remainder when 0 - (-17 - (-1)/1) is divided by v.
0
Let p be (-8)/(-1)*(-615)/(-30). Suppose -p*v - 43 = -165*v. What is the remainder when 82 is divided by v?
39
What is the remainder when 88 is divided by -5 - -7 - -8*3/6?
4
Let m = 309 - 198. What is the remainder when m is divided by (30 - (-2 - -2)) + -2?
27
Suppose 838*n + 90 = 844*n. What is the remainder when 28 is divided by n?
13
Let b(l) = 232*l. Let x be b(1). Suppose 3*h + 2*v = 197, 3*h - 7*v + 2*v = x. What is the remainder when h is divided by 742/42 - (-3)/9?
15
Suppose 0*x = -5*x - 3*w + 789, 785 = 5*x + 5*w. Suppose 3*q = -0*q + x. Let y = -4279 + 4307. What is the remainder when q is divided by y?
25
Let i be ((-350)/42)/(2/(-6)). Let z be 2 + -4 - (-1 - i). Let w = z + -12. What is the remainder when 35 is divided by w?
11
Let a(l) = -l**2 - 7*l - 4. Let n be a(-6). Suppose -5*p + 25 = q, 13 = 2*q - q + n*p. Calculate the remainder when 45/105 - 285/(-21) is divided by q.
4
Suppose 25 + 176 = 3*h. Suppose 0 = 3*v - 4*v + 18. What is the remainder when h is divided by v?
13
Let s(n) = -23 - 8 + 13 - 3*n + 2*n**2. Calculate the remainder when 89 is divided by s(-5).
42
Let j(t) = -t**2 + 14*t - 21. Let q be 14/(-3) + 12/18. Let d(o) = -o**3 - 3*o**2 + 2*o + 2. Let v be d(q). What is the remainder when 35 is divided by j(v)?
16
Suppose 2*q - 4*v - 84 = 0, 11*q - 16*q + 5*v = -195. Let r(g) = 19*g - 7. What is the remainder when r(6) is divided by q?
35
Suppose 34 = -n + 4*n - 2*o, -14 = -n + 2*o. What is the remainder when 109 is divided by n?
9
Let y = 1582 - 1128. Suppose -13 = 7*d - y. Calculate the remainder when d is divided by 6.
3
Let b = -6 + 3. Suppose -2*v + v = 5. Calculate the remainder when 14 is divided by -3*v/b*-1.
4
Suppose -4*t - 265 = -3*s, -6*t - 314 = -t + 2*s. Let x = t - -107. Calculate the remainder when 128 is divided by x.
42
Let r be 1/3 - (-41)/3. Suppose -q = -0*q - r. What is the remainder when q is divided by 11 + -8 + (4 + -2 - 0)?
4
Let n(q) = q**2 - 39*q + 39. What is the remainder when n(39) is divided by 8?
7
Suppose -3*i = -2*n + 11, -3*n = 2*n + 2*i + 1. Calculate the remainder when 1 + (14/n - 0) is divided by 4.
3
Let p = 109 + 20. Suppose 5*x = -3*m + 207, 3*m = -3*x + 6*m + p. Calculate the remainder when x is divided by 23.
19
Let x be 3*2 + -2 + -122 + 6. Calculate the remainder when 424/7 + 64/x is divided by 16.
12
Let w be (-235)/(-10)*-2*1. Let s = w - -94. Let z = -6 + s. What is the remainder when z is divided by 11?
8
Let t(g) = -8*g - 26. Let h be t(-14). Let f = h + -76. What is the remainder when 67 is divided by f?
7
Calculate the remainder when -134*(108/(-184) - (-4)/46) is divided by 1.
0
Suppose 3 = -4*l + l - 3*c, -5*l - 8 = 4*c. Let j(g) = 2*g**2 + g - 12. Calculate the remainder when 63 is divided by j(l).
15
Suppose h = -3*h + 76. Suppose -30*k + 10*k + 140 = 0. Calculate the remainder when h is divided by k.
5
Suppose -26*f + 30*f - 532 = 0. What is the remainder when f is divided by 68?
65
Let d = 49 - -25. Let h = d - 57. What is the remainder when h is divided by 13?
4
Suppose -27*c + 22*c = -205. What is the remainder when c is divided by 17?
7
Suppose 4*w + 5 = 13. Let g(u) = 3*u**2 - 2*u**2 - 3*u**w - u + 7 + 3*u**2. What is the remainder when 51 is divided by g(-4)?
24
Suppose -6 = -2*g + 2*t, -35*t = -3*g - 40*t + 25. Suppose -8*n = -3*q - 3*n + 71, 0 = -q + n + 21. What is the remainder when q is divided by g?
2
Let i(t) = -t**3 - 9*t**2 + 13*t - 4. Let p be i(-10). Let d = p + 36. Calculate the remainder when d is divided by 2.
0
Let c be 0/2 + (-1 - 0). Calculate the remainder when c - -11*(-2 + 4) is divided by 6.
3
Suppose 2*j = 2*z - 70, -8*z - j + 31 = -7*z. What is the remainder when z is divided by 5?
3
Let g be ((-9)/(-2))/((-7)/(-28)). Suppose 161 - 30 = 4*z + m, 5*z = 2*m + 167. What is the remainder when z is divided by (-1)/((-12)/8)*g?
9
Let q(i) = -13*i - 2. Let s be q(1). Suppose 0 = 2*m - 41 + 3. Calculate the remainder when m is divided by (12/(-9))/4*s.
4
Suppose 5*t - 149 = 4*u, 2*t + 0*u - 46 = 5*u. Suppose -279 = -3*z - 5*k, 2*z - k - k - 202 = 0. What is the remainder when z is divided by t?
32
Suppose -2*c = -c - 28. Suppose 2*f - o - 4 = 0, -5*f - o + 3 = -0*f. What is the remainder when c is divided by (-10)/3*(-4 + f)?
8
Suppose -g + 4 = 0, 4*g - 11 = i + g. What is the remainder when 33 is divided by (7 - i)*(-4 - -5)?
3
Let f = 23 + -20. Let s be 20 - (0/f + 2). Let i = s - 3. Calculate the remainder when 58 is divided by i.
13
Let w(m) = 5*m + 1. Let v(t) = -2*t - 1. Let q be v(19). Let j = 82 + q. What is the remainder when j is divided by w(2)?
10
Let u = 1 + 27. Suppose 0 = 3*w + j - 11 - 2, 4*w + 4*j = u. Calculate the remainder when 5 is divided by w.
2
Let t = -539 + 925. What is the remainder when t is divided by 98?
92
Let a(h) = -h**2 - 25*h - 90. Calculate the remainder when 301 is divided by a(-9).
31
Let g be 1/(0 - (-4)/(-4)). Calculate the remainder when 22 is divided by g*5/15*-36.
10
Let g(a) = -a - 8. Let v be g(4). What is the remainder when (-404)/(-16) - -1*(-9)/v is divided by 15?
11
Let n = -13 - -16. Suppose a = n*p - 25, 5*a + 6 = -2*p - 0. Suppose -3*y = d + d - p, -5*y = d. What is the remainder when 23 is divided by d?
3
Suppose -3*s = 8 - 11. Let i = 13 - s. Let b(q) = 2*q**3 - 5*q**2 - 3*q - 3. What is the remainder when b(4) is divided by i?
9
Suppose 0 = -2*n - 2 - 4, -7 = -w + n. Let z(t) = 38*t + 13. What is the remainder when z(w) is divided by 42?
39
Let v = 47 + -34. Suppose 37*q - 1840 = -43*q. What is the remainder when q is divided by v?
10
Suppose 0 = -3*f - 26 + 68. Suppose 0 - 18 = -2*t - 2*m, 3*t - 21 = -m. Calculate the remainder when t/30*1*2*65 is divided by f.
12
Suppose -4*i - 246 = -10*i. Let v = 61 + -46. What is the remainder when i is divided by v?
11
Calculate the remainder when 232 - 59 - (-2 - 2) is divided by 46.
39
Suppose 3*o + 92 = 7*o. Let c = 1853 + -1786. Calculate the remainder when c is divided by o.
21
Let a(v) = v**3 - 7*v**2 + 6*v + 2. Suppose 4*g - 3*g - 8 = 0. Let i(n) = n**2 - 7*n - 1. What is the remainder when a(g) is divided by i(10)?
27
Let z = 294 - -113. What is the remainder when z is divided by 17?
16
Let x(l) = 2*l**3 + 16*l**2 - 80*l - 15. Calculate the remainder when 587 is divided by x(4).
48
Suppose -13*u + 16*u - 51 = 0. Suppose -6*m = -1 - u. Calculate the remainder when 4 is divided by m.
1
Suppose 140 + 192 = 4*q. Calculate the remainder when q is divided by 44.
39
Let y = 164 - 149. What is the remainder when 74 is divided by y?
1